[INFO] cloning repository https://github.com/medialab/singerie
[INFO] running `Command { std: "git" "-c" "credential.helper=" "-c" "credential.helper=/workspace/cargo-home/bin/git-credential-null" "clone" "--bare" "https://github.com/medialab/singerie" "/workspace/cache/git-repos/https%3A%2F%2Fgithub.com%2Fmedialab%2Fsingerie", kill_on_drop: false }`
[INFO] [stderr] Cloning into bare repository '/workspace/cache/git-repos/https%3A%2F%2Fgithub.com%2Fmedialab%2Fsingerie'...
[INFO] running `Command { std: "git" "rev-parse" "HEAD", kill_on_drop: false }`
[INFO] [stdout] 5f91b55d68e47a1f64d5ef49258e4819219692ef
[INFO] checking medialab/singerie against 40527f3e444fde1deb361751bdef9b9e11d1b971+rustflags=--cfg crater_hack --force-warn invalid-c-variadic-arguments for pr-162478
[INFO] running `Command { std: "git" "clone" "/workspace/cache/git-repos/https%3A%2F%2Fgithub.com%2Fmedialab%2Fsingerie" "/workspace/builds/worker-3-tc2/source", kill_on_drop: false }`
[INFO] [stderr] Cloning into '/workspace/builds/worker-3-tc2/source'...
[INFO] [stderr] done.
[INFO] started tweaking git repo https://github.com/medialab/singerie
[INFO] finished tweaking git repo https://github.com/medialab/singerie
[INFO] tweaked toml for git repo https://github.com/medialab/singerie written to /workspace/builds/worker-3-tc2/source/Cargo.toml
[INFO] validating manifest of git repo https://github.com/medialab/singerie on toolchain 40527f3e444fde1deb361751bdef9b9e11d1b971
[INFO] running `Command { std: CARGO_HOME="/workspace/cargo-home" RUSTUP_HOME="/workspace/rustup-home" "/workspace/cargo-home/bin/cargo" "+40527f3e444fde1deb361751bdef9b9e11d1b971" "metadata" "--manifest-path" "Cargo.toml" "--no-deps", kill_on_drop: false }`
[INFO] crate git repo https://github.com/medialab/singerie already has a lockfile, it will not be regenerated
[INFO] running `Command { std: CARGO_HOME="/workspace/cargo-home" RUSTUP_HOME="/workspace/rustup-home" "/workspace/cargo-home/bin/cargo" "+40527f3e444fde1deb361751bdef9b9e11d1b971" "fetch" "--manifest-path" "Cargo.toml", kill_on_drop: false }`
[INFO] [stderr] warning: explicit `package.readme` can be inferred
[INFO] [stderr]   --> Cargo.toml:35:1
[INFO] [stderr]    |
[INFO] [stderr] 35 | readme = "README.md"
[INFO] [stderr]    | ^^^^^^^^^^^^^^^^^^^^
[INFO] [stderr]    |
[INFO] [stderr]    = note: `cargo::manual_readme` is set to `warn` by default
[INFO] [stderr] help: consider removing `package.readme`
[INFO] [stderr] warning: `package.homepage` is redundant with `package.repository`
[INFO] [stderr]   --> Cargo.toml:31:12
[INFO] [stderr]    |
[INFO] [stderr] 31 | homepage = "https://github.com/medialab/stories"
[INFO] [stderr]    |            ^^^^^^^^^^^^^^^^^^^^^^^^^^^^^^^^^^^^^
[INFO] [stderr] ...
[INFO] [stderr] 36 | repository = "https://github.com/medialab/stories"
[INFO] [stderr]    |              -------------------------------------
[INFO] [stderr]    |
[INFO] [stderr]    = note: `cargo::redundant_homepage` is set to `warn` by default
[INFO] [stderr] help: consider removing `package.homepage`
[INFO] [stderr] warning: `stories` (manifest) generated 2 warnings
[INFO] [stderr]     Blocking waiting for file lock on package cache
[INFO] [stderr]     Blocking waiting for file lock on package cache
[INFO] [stderr]  Downloading crates ...
[INFO] [stderr]   Downloaded array-init v0.1.1
[INFO] [stderr]   Downloaded unidecode v0.3.0
[INFO] [stderr]   Downloaded sparseset v1.0.1
[INFO] [stderr]   Downloaded quote v1.0.24
[INFO] [stderr]   Downloaded tab-hash v0.3.0
[INFO] [stderr]   Downloaded cxxbridge-flags v1.0.92
[INFO] [stderr]   Downloaded compound_duration v1.2.0
[INFO] [stderr]   Downloaded dateparser v0.1.8
[INFO] [stderr]   Downloaded parse-zoneinfo v0.1.1
[INFO] [stderr]   Downloaded ucd-util v0.1.10
[INFO] [stderr]   Downloaded bitintr v0.3.0
[INFO] [stderr]   Downloaded aho-corasick v0.6.10
[INFO] [stderr]   Downloaded indicatif v0.16.2
[INFO] [stderr]   Downloaded console v0.15.5
[INFO] [stderr]   Downloaded cxxbridge-macro v1.0.92
[INFO] [stderr]   Downloaded cxx-build v1.0.92
[INFO] [stderr]   Downloaded crossbeam-channel v0.5.7
[INFO] [stderr]   Downloaded cxx v1.0.92
[INFO] [stderr]   Downloaded chrono-tz v0.4.1
[INFO] running `Command { std: "docker" "create" "-v" "/var/lib/crater-agent-workspace/builds/worker-3-tc2/source:/opt/rustwide/workdir:ro,Z" "-v" "/var/lib/crater-agent-workspace/builds/worker-3-tc2/target:/opt/rustwide/target:rw,Z" "-v" "/var/lib/crater-agent-workspace/cargo-home:/opt/rustwide/cargo-home:ro,Z" "-v" "/var/lib/crater-agent-workspace/rustup-home:/opt/rustwide/rustup-home:ro,Z" "-m" "1610612736" "--network" "none" "ghcr.io/rust-lang/crates-build-env/linux@sha256:8683fc1fc2eb5c9ac98e0d076ab094b2ffac7f99da555d2b6a2e27f346de2ec7" "sleep" "infinity", kill_on_drop: false }`
[INFO] [stdout] b3a955434777e4a0b33e8884ee9b1b18587f6d1bdd486be0ab6bc22b8fab7c82
[INFO] running `Command { std: "docker" "start" "b3a955434777e4a0b33e8884ee9b1b18587f6d1bdd486be0ab6bc22b8fab7c82", kill_on_drop: false }`
[INFO] running `Command { std: "docker" "inspect" "b3a955434777e4a0b33e8884ee9b1b18587f6d1bdd486be0ab6bc22b8fab7c82", kill_on_drop: false }`
[INFO] running `Command { std: "docker" "exec" "-e" "SOURCE_DIR=/opt/rustwide/workdir" "-e" "CARGO_HOME=/opt/rustwide/cargo-home" "-e" "RUSTUP_HOME=/opt/rustwide/rustup-home" "-e" "CARGO_TARGET_DIR=/opt/rustwide/target" "-w" "/opt/rustwide/workdir" "--user" "0:0" "b3a955434777e4a0b33e8884ee9b1b18587f6d1bdd486be0ab6bc22b8fab7c82" "/opt/rustwide/cargo-home/bin/cargo" "+40527f3e444fde1deb361751bdef9b9e11d1b971" "metadata" "--no-deps" "--format-version=1", kill_on_drop: false }`
[INFO] running `Command { std: "docker" "inspect" "b3a955434777e4a0b33e8884ee9b1b18587f6d1bdd486be0ab6bc22b8fab7c82", kill_on_drop: false }`
[INFO] running `Command { std: "docker" "exec" "-e" "SOURCE_DIR=/opt/rustwide/workdir" "-e" "CARGO_HOME=/opt/rustwide/cargo-home" "-e" "RUSTUP_HOME=/opt/rustwide/rustup-home" "-e" "CARGO_TARGET_DIR=/opt/rustwide/target" "-e" "CARGO_INCREMENTAL=0" "-e" "RUST_BACKTRACE=full" "-e" "RUSTFLAGS=--cap-lints=forbid --cfg crater_hack --force-warn invalid-c-variadic-arguments" "-e" "RUSTDOCFLAGS=--cap-lints=forbid" "-w" "/opt/rustwide/workdir" "--user" "0:0" "b3a955434777e4a0b33e8884ee9b1b18587f6d1bdd486be0ab6bc22b8fab7c82" "/opt/rustwide/cargo-home/bin/cargo" "+40527f3e444fde1deb361751bdef9b9e11d1b971" "check" "--frozen" "--all" "--all-targets" "--message-format=json", kill_on_drop: false }`
[INFO] [stderr] warning: explicit `package.readme` can be inferred
[INFO] [stderr]   --> Cargo.toml:35:1
[INFO] [stderr]    |
[INFO] [stderr] 35 | readme = "README.md"
[INFO] [stderr]    | ^^^^^^^^^^^^^^^^^^^^
[INFO] [stderr]    |
[INFO] [stderr]    = note: `cargo::manual_readme` is set to `warn` by default
[INFO] [stderr] help: consider removing `package.readme`
[INFO] [stderr] warning: `package.homepage` is redundant with `package.repository`
[INFO] [stderr]   --> Cargo.toml:31:12
[INFO] [stderr]    |
[INFO] [stderr] 31 | homepage = "https://github.com/medialab/stories"
[INFO] [stderr]    |            ^^^^^^^^^^^^^^^^^^^^^^^^^^^^^^^^^^^^^
[INFO] [stderr] ...
[INFO] [stderr] 36 | repository = "https://github.com/medialab/stories"
[INFO] [stderr]    |              -------------------------------------
[INFO] [stderr]    |
[INFO] [stderr]    = note: `cargo::redundant_homepage` is set to `warn` by default
[INFO] [stderr] help: consider removing `package.homepage`
[INFO] [stderr] warning: `stories` (manifest) generated 2 warnings
[INFO] [stderr]    Compiling libc v0.2.140
[INFO] [stderr]    Compiling proc-macro2 v1.0.52
[INFO] [stderr]    Compiling quote v1.0.24
[INFO] [stderr]    Compiling unicode-ident v1.0.8
[INFO] [stderr]    Compiling syn v1.0.109
[INFO] [stderr]    Compiling crossbeam-utils v0.8.15
[INFO] [stderr]    Compiling num-traits v0.2.15
[INFO] [stderr]    Compiling memoffset v0.8.0
[INFO] [stderr]    Compiling regex v0.2.11
[INFO] [stderr]    Compiling ucd-util v0.1.10
[INFO] [stderr]    Compiling getrandom v0.1.16
[INFO] [stderr]    Compiling crossbeam-epoch v0.9.14
[INFO] [stderr]    Compiling thread_local v0.3.6
[INFO] [stderr]    Compiling num-integer v0.1.45
[INFO] [stderr]    Compiling aho-corasick v0.6.10
[INFO] [stderr]    Compiling utf8-ranges v1.0.5
[INFO] [stderr]    Compiling serde_derive v1.0.155
[INFO] [stderr]    Compiling regex-syntax v0.5.6
[INFO] [stderr]    Compiling serde v1.0.155
[INFO] [stderr]     Checking aho-corasick v0.7.20
[INFO] [stderr]    Compiling indexmap v1.9.2
[INFO] [stderr]     Checking regex-syntax v0.6.28
[INFO] [stderr]     Checking iana-time-zone v0.1.53
[INFO] [stderr]    Compiling rayon-core v1.11.0
[INFO] [stderr]    Compiling tab-hash v0.3.0
[INFO] [stderr]    Compiling anyhow v1.0.75
[INFO] [stderr]    Compiling bitintr v0.3.0
[INFO] [stderr]     Checking either v1.8.1
[INFO] [stderr]     Checking os_str_bytes v6.4.1
[INFO] [stdout] error[E0422]: cannot find struct, variant or union type `LineColumn` in crate `proc_macro`
[INFO] [stdout]    --> /opt/rustwide/cargo-home/registry/src/index.crates.io-1949cf8c6b5b557f/proc-macro2-1.0.52/src/wrapper.rs:475:33
[INFO] [stdout]     |
[INFO] [stdout] 475 |                 let proc_macro::LineColumn { line, column } = s.start();
[INFO] [stdout]     |                                 ^^^^^^^^^^ not found in `proc_macro`
[INFO] [stdout]     |
[INFO] [stdout] help: consider importing this struct through its public re-export
[INFO] [stdout]     |
[INFO] [stdout]   1 + use crate::LineColumn;
[INFO] [stdout]     |
[INFO] [stdout] help: if you import `LineColumn`, refer to it directly
[INFO] [stdout]     |
[INFO] [stdout] 475 -                 let proc_macro::LineColumn { line, column } = s.start();
[INFO] [stdout] 475 +                 let LineColumn { line, column } = s.start();
[INFO] [stdout]     |
[INFO] [stdout] 
[INFO] [stdout] 
[INFO] [stdout] error[E0422]: cannot find struct, variant or union type `LineColumn` in crate `proc_macro`
[INFO] [stdout]    --> /opt/rustwide/cargo-home/registry/src/index.crates.io-1949cf8c6b5b557f/proc-macro2-1.0.52/src/wrapper.rs:489:33
[INFO] [stdout]     |
[INFO] [stdout] 489 |                 let proc_macro::LineColumn { line, column } = s.end();
[INFO] [stdout]     |                                 ^^^^^^^^^^ not found in `proc_macro`
[INFO] [stdout]     |
[INFO] [stdout] help: consider importing this struct through its public re-export
[INFO] [stdout]     |
[INFO] [stdout]   1 + use crate::LineColumn;
[INFO] [stdout]     |
[INFO] [stdout] help: if you import `LineColumn`, refer to it directly
[INFO] [stdout]     |
[INFO] [stdout] 489 -                 let proc_macro::LineColumn { line, column } = s.end();
[INFO] [stdout] 489 +                 let LineColumn { line, column } = s.end();
[INFO] [stdout]     |
[INFO] [stdout] 
[INFO] [stdout] 
[INFO] [stderr]     Checking csv-core v0.1.10
[INFO] [stderr]     Checking crossbeam-channel v0.5.7
[INFO] [stderr]     Checking textwrap v0.16.0
[INFO] [stdout] error[E0635]: unknown feature `proc_macro_span_shrink`
[INFO] [stdout]   --> /opt/rustwide/cargo-home/registry/src/index.crates.io-1949cf8c6b5b557f/proc-macro2-1.0.52/src/lib.rs:92:30
[INFO] [stdout]    |
[INFO] [stdout] 92 |     feature(proc_macro_span, proc_macro_span_shrink)
[INFO] [stdout]    |                              ^^^^^^^^^^^^^^^^^^^^^^
[INFO] [stdout]    |
[INFO] [stdout] help: there is a feature with a similar name: `proc_macro_span_file`
[INFO] [stdout]    |
[INFO] [stdout] 92 -     feature(proc_macro_span, proc_macro_span_shrink)
[INFO] [stdout] 92 +     feature(proc_macro_span, proc_macro_span_file)
[INFO] [stdout]    |
[INFO] [stdout] 
[INFO] [stdout] 
[INFO] [stderr]     Checking array-init v0.1.1
[INFO] [stderr]     Checking clap_lex v0.2.4
[INFO] [stderr]     Checking once_cell v1.17.1
[INFO] [stderr]     Checking itoa v1.0.6
[INFO] [stderr]     Checking ryu v1.0.13
[INFO] [stderr]     Checking termcolor v1.2.0
[INFO] [stderr]     Checking itertools v0.10.5
[INFO] [stderr]     Checking crossbeam-deque v0.8.3
[INFO] [stderr]     Checking unidecode v0.3.0
[INFO] [stderr]     Checking sparseset v1.0.1
[INFO] [stdout] error[E0635]: unknown feature `stdsimd`
[INFO] [stdout]   --> /opt/rustwide/cargo-home/registry/src/index.crates.io-1949cf8c6b5b557f/bitintr-0.3.0/src/lib.rs:13:38
[INFO] [stdout]    |
[INFO] [stdout] 13 | #![cfg_attr(bitintr_nightly, feature(stdsimd))]
[INFO] [stdout]    |                                      ^^^^^^^
[INFO] [stdout] 
[INFO] [stdout] 
[INFO] [stderr]     Checking compound_duration v1.2.0
[INFO] [stdout] For more information about this error, try `rustc --explain E0635`.
[INFO] [stdout] 
[INFO] [stderr] error: could not compile `bitintr` (lib) due to 1 previous error
[INFO] [stderr] warning: build failed, waiting for other jobs to finish...
[INFO] [stdout] Some errors have detailed explanations: E0422, E0635.
[INFO] [stdout] 
[INFO] [stdout] For more information about an error, try `rustc --explain E0422`.
[INFO] [stdout] 
[INFO] [stderr] error: could not compile `proc-macro2` (lib) due to 3 previous errors
[INFO] running `Command { std: "docker" "inspect" "b3a955434777e4a0b33e8884ee9b1b18587f6d1bdd486be0ab6bc22b8fab7c82", kill_on_drop: false }`
[INFO] running `Command { std: "docker" "rm" "-f" "b3a955434777e4a0b33e8884ee9b1b18587f6d1bdd486be0ab6bc22b8fab7c82", kill_on_drop: false }`
[INFO] [stdout] b3a955434777e4a0b33e8884ee9b1b18587f6d1bdd486be0ab6bc22b8fab7c82
